vided by 27.
1
What is the remainder when 614 is divided by 44?
42
Calculate the remainder when 260 is divided by 89.
82
Calculate the remainder when 223 is divided by 28.
27
Calculate the remainder when 196 is divided by 100.
96
Calculate the remainder when 391 is divided by 95.
11
What is the remainder when 112 is divided by 13?
8
Calculate the remainder when 76 is divided by 11.
10
Calculate the remainder when 48 is divided by 5.
3
What is the remainder when 274 is divided by 130?
14
Calculate the remainder when 2953 is divided by 737.
5
Calculate the remainder when 2592 is divided by 1.
0
Calculate the remainder when 380 is divided by 227.
153
Calculate the remainder when 2336 is divided by 65.
61
What is the remainder when 787 is divided by 113?
109
Calculate the remainder when 191 is divided by 66.
59
Calculate the remainder when 335 is divided by 86.
77
What is the remainder when 36 is divided by 20?
16
What is the remainder when 109 is divided by 11?
10
What is the remainder when 647 is divided by 131?
123
Calculate the remainder when 1657 is divided by 35.
12
What is the remainder when 148 is divided by 99?
49
What is the remainder when 606 is divided by 10?
6
Calculate the remainder when 78 is divided by 41.
37
What is the remainder when 2320 is divided by 27?
25
Calculate the remainder when 3490 is divided by 83.
4
What is the remainder when 56 is divided by 10?
6
Calculate the remainder when 808 is divided by 365.
78
Calculate the remainder when 89 is divided by 40.
9
What is the remainder when 1203 is divided by 28?
27
What is the remainder when 367 is divided by 128?
111
What is the remainder when 386 is divided by 5?
1
Calculate the remainder when 679 is divided by 11.
8
Calculate the remainder when 664 is divided by 31.
13
Calculate the remainder when 266 is divided by 90.
86
Calculate the remainder when 39 is divided by 10.
9
Calculate the remainder when 836 is divided by 120.
116
Calculate the remainder when 111 is divided by 19.
16
Calculate the remainder when 234 is divided by 142.
92
What is the remainder when 111 is divided by 47?
17
Calculate the remainder when 182 is divided by 79.
24
Calculate the remainder when 137 is divided by 28.
25
What is the remainder when 133 is divided by 42?
7
What is the remainder when 137 is divided by 58?
21
Calculate the remainder when 440 is divided by 144.
8
Calculate the remainder when 1004 is divided by 63.
59
What is the remainder when 126 is divided by 52?
22
What is the remainder when 318 is divided by 41?
31
Calculate the remainder when 626 is divided by 40.
26
What is the remainder when 37086 is divided by 317?
314
What is the remainder when 229 is divided by 18?
13
Calculate the remainder when 123 is divided by 12.
3
What is the remainder when 39 is divided by 8?
7
What is the remainder when 219 is divided by 6?
3
What is the remainder when 3325 is divided by 185?
180
Calculate the remainder when 980 is divided by 17.
11
Calculate the remainder when 387 is divided by 371.
16
What is the remainder when 239 is divided by 63?
50
Calculate the remainder when 89 is divided by 18.
17
Calculate the remainder when 1870 is divided by 144.
142
Calculate the remainder when 181 is divided by 61.
59
What is the remainder when 172 is divided by 81?
10
What is the remainder when 110 is divided by 107?
3
Calculate the remainder when 4313 is divided by 83.
80
What is the remainder when 201 is divided by 3?
0
Calculate the remainder when 896 is divided by 60.
56
What is the remainder when 379 is divided by 19?
18
What is the remainder when 94 is divided by 34?
26
What is the remainder when 487 is divided by 170?
147
Calculate the remainder when 14 is divided by 12.
2
What is the remainder when 148 is divided by 121?
27
Calculate the remainder when 237 is divided by 95.
47
Calculate the remainder when 306 is divided by 67.
38
Calculate the remainder when 93 is divided by 49.
44
Calculate the remainder when 11839 is divided by 64.
63
Calculate the remainder when 709 is divided by 31.
27
What is the remainder when 3383 is divided by 188?
187
Calculate the remainder when 67 is divided by 23.
21
What is the remainder when 30 is divided by 21?
9
Calculate the remainder when 74 is divided by 13.
9
What is the remainder when 5289 is divided by 9?
6
Calculate the remainder when 370 is divided by 163.
44
What is the remainder when 1027 is divided by 86?
81
Calculate the remainder when 629 is divided by 42.
41
What is the remainder when 391 is divided by 100?
91
What is the remainder when 1141 is divided by 354?
79
Calculate the remainder when 1481 is divided by 187.
172
What is the remainder when 410 is divided by 191?
28
Calculate the remainder when 638 is divided by 605.
33
What is the remainder when 90 is divided by 7?
6
Calculate the remainder when 3462 is divided by 105.
102
What is the remainder when 210 is divided by 25?
10
Calculate the remainder when 175 is divided by 23.
14
What is the remainder when 348 is divided by 32?
28
Calculate the remainder when 909 is divided by 14.
13
What is the remainder when 68 is divided by 1?
0
Calculate the remainder when 1222 is divided by 34.
32
Calculate the remainder when 2503 is divided by 167.
165
What is the remainder when 865 is divided by 185?
125
What is the remainder when 876 is divided by 204?
60
Calculate the remainder when 380 is divided by 363.
17
Calculate the remainder when 399 is divided by 40.
39
Calculate the remainder when 76 is divided by 56.
20
Calculate the remainder when 168 is divided by 29.
23
Calculate the remainder when 708 is divided by 71.
69
What is the remainder when 122 is divided by 7?
3
What is the remainder when 3701 is divided by 1232?
5
What is the remainder when 378 is divided by 186?
6
What is the remainder when 310 is divided by 35?
30
What is the remainder when 141 is divided by 13?
11
Calculate the remainder when 4139 is divided by 318.
5
Calculate the remainder when 584 is divided by 26.
12
What is the remainder when 828 is divided by 43?
11
What is the remainder when 6068 is divided by 51?
50
Calculate the remainder when 181 is divided by 91.
90
Calculate the remainder when 25 is divided by 7.
4
Calculate the remainder when 25085 is divided by 112.
109
Calculate the remainder when 3572 is divided by 73.
68
Calculate the remainder when 850 is divided by 71.
69
What is the remainder when 98 is divided by 35?
28
What is the remainder when 3840 is divided by 124?
120
What is the remainder when 18189 is divided by 48?
45
What is the remainder when 294 is divided by 50?
44
What is the remainder when 340 is divided by 155?
30
Calculate the remainder when 3365 is divided by 259.
257
Calculate the remainder when 2881 is divided by 711.
37
Calculate the remainder when 244 is divided by 8.
4
Calculate the remainder when 45 is divided by 24.
21
What is the remainder when 755 is divided by 227?
74
Calculate the remainder when 2680 is divided by 149.
147
What is the remainder when 43 is divided by 37?
6
What is the remainder when 970 is divided by 81?
79
Calculate the remainder when 1005 is divided by 28.
25
What is the remainder when 356 is divided by 7?
6
What is the remainder when 25229 is divided by 19?
16
What is the remainder when 195 is divided by 88?
19
What is the remainder when 191 is divided by 101?
90
Calculate the remainder when 500 is divided by 58.
36
Calculate the remainder when 4391 is divided by 2189.
13
What is the remainder when 460 is divided by 14?
12
What is the remainder when 503 is divided by 32?
23
Calculate the remainder when 3665 is divided by 610.
5
Calculate the remainder when 5 is divided by 4.
1
What is the remainder when 79 is divided by 12?
7
Calculate the remainder when 441 is divided by 154.
133
Calculate the remainder when 57 is divided by 30.
27
What is the remainder when 3096 is divided by 100?
96
What is the remainder when 29 is divided by 23?
6
Calculate the remainder when 1609 is divided by 8.
1
What is the remainder when 17 is divided by 17?
0
What is the remainder when 71 is divided by 47?
24
Calculate the remainder when 3320 is divided by 184.
8
What is the remainder when 6973 is divided by 4?
1
Calculate the remainder when 449 is divided by 78.
59
What is the remainder when 86 is di